{"id":24,"date":"2025-12-19T21:18:19","date_gmt":"2025-12-19T21:18:19","guid":{"rendered":"https:\/\/barnafurboparish.ie\/?page_id=24"},"modified":"2026-01-14T07:23:05","modified_gmt":"2026-01-14T07:23:05","slug":"parish-office-contact-details","status":"publish","type":"page","link":"https:\/\/barnafurboparish.ie\/index.php\/parish-office-contact-details\/","title":{"rendered":"Parish Office Contact Details"},"content":{"rendered":"\n<div class=\"wp-block-media-text is-stacked-on-mobile\"><figure class=\"wp-block-media-text__media\"><img loading=\"lazy\" decoding=\"async\" width=\"695\" height=\"1024\" src=\"https:\/\/barnafurboparish.ie\/wp-content\/uploads\/2025\/12\/StainedGlass-695x1024.jpg\" alt=\"\" class=\"wp-image-33 size-full\" srcset=\"https:\/\/barnafurboparish.ie\/wp-content\/uploads\/2025\/12\/StainedGlass-695x1024.jpg 695w, https:\/\/barnafurboparish.ie\/wp-content\/uploads\/2025\/12\/StainedGlass-203x300.jpg 203w, https:\/\/barnafurboparish.ie\/wp-content\/uploads\/2025\/12\/StainedGlass-768x1132.jpg 768w, https:\/\/barnafurboparish.ie\/wp-content\/uploads\/2025\/12\/StainedGlass-1042x1536.jpg 1042w, https:\/\/barnafurboparish.ie\/wp-content\/uploads\/2025\/12\/StainedGlass-1389x2048.jpg 1389w, https:\/\/barnafurboparish.ie\/wp-content\/uploads\/2025\/12\/StainedGlass-scaled.jpg 1736w\" sizes=\"auto, (max-width: 695px) 100vw, 695px\" \/><\/figure><div class=\"wp-block-media-text__content\">\n<p><strong>Parish Priest \/ Sagart Par\u00f3iste<\/strong><strong>:&nbsp;<\/strong>an t-Ath Miche\u00e1l \u00d3 Braon\u00e1in<\/p>\n\n\n\n<p>Mobile: 086-8338878 \/&nbsp;Email: miclbrennan3@gmail.com<\/p>\n\n\n\n<p><strong>Parish Secretary \/ R\u00fana\u00ed an Phar\u00f3iste:\u00a0<\/strong>Joan Concannon<\/p>\n\n\n\n<p><strong>Parish Office\/Oifig an Phar\u00f3iste:&nbsp;<\/strong>(091)590956<\/p>\n\n\n\n<p>10am-3pm, Mon, Tue, Thurs, Fri<\/p>\n<\/div><\/div>\n\n\n\n<div class=\"wp-block-group alignfull is-layout-flow wp-container-core-group-is-layout-f9cb6abc wp-block-group-is-layout-flow\" style=\"margin-top:0;margin-bottom:0\"><\/div>\n\n\n\n<p><\/p>\n","protected":false},"excerpt":{"rendered":"<p>Parish Priest \/ Sagart Par\u00f3iste:&nbsp;an t-Ath Miche\u00e1l \u00d3 Braon\u00e1in Mobile: 086-8338878 \/&nbsp;Email: miclbrennan3@gmail.com Parish Secretary \/ R\u00fana\u00ed an Phar\u00f3iste:\u00a0Joan Concannon Parish Office\/Oifig an Phar\u00f3iste:&nbsp;(091)590956 10am-3pm, Mon, Tue, Thurs, Fri<\/p>\n","protected":false},"author":1,"featured_media":0,"parent":0,"menu_order":0,"comment_status":"closed","ping_status":"closed","template":"","meta":{"footnotes":""},"class_list":["post-24","page","type-page","status-publish","hentry"],"_links":{"self":[{"href":"https:\/\/barnafurboparish.ie\/index.php\/wp-json\/wp\/v2\/pages\/24","targetHints":{"allow":["GET"]}}],"collection":[{"href":"https:\/\/barnafurboparish.ie\/index.php\/wp-json\/wp\/v2\/pages"}],"about":[{"href":"https:\/\/barnafurboparish.ie\/index.php\/wp-json\/wp\/v2\/types\/page"}],"author":[{"embeddable":true,"href":"https:\/\/barnafurboparish.ie\/index.php\/wp-json\/wp\/v2\/users\/1"}],"replies":[{"embeddable":true,"href":"https:\/\/barnafurboparish.ie\/index.php\/wp-json\/wp\/v2\/comments?post=24"}],"version-history":[{"count":5,"href":"https:\/\/barnafurboparish.ie\/index.php\/wp-json\/wp\/v2\/pages\/24\/revisions"}],"predecessor-version":[{"id":118,"href":"https:\/\/barnafurboparish.ie\/index.php\/wp-json\/wp\/v2\/pages\/24\/revisions\/118"}],"wp:attachment":[{"href":"https:\/\/barnafurboparish.ie\/index.php\/wp-json\/wp\/v2\/media?parent=24"}],"curies":[{"name":"wp","href":"https:\/\/api.w.org\/{rel}","templated":true}]}}