{"id":2,"date":"2025-12-18T21:25:46","date_gmt":"2025-12-18T21:25:46","guid":{"rendered":"https:\/\/barnafurboparish.ie\/?page_id=2"},"modified":"2026-01-31T15:02:40","modified_gmt":"2026-01-31T15:02:40","slug":"masstimes","status":"publish","type":"page","link":"https:\/\/barnafurboparish.ie\/index.php\/masstimes\/","title":{"rendered":"Mass Times"},"content":{"rendered":"\n<figure class=\"wp-block-image size-large is-style-rounded is-style-rounded--1\"><img loading=\"lazy\" decoding=\"async\" width=\"1024\" height=\"684\" src=\"https:\/\/barnafurboparish.ie\/wp-content\/uploads\/2025\/12\/Altar-1024x684.jpg\" alt=\"\" class=\"wp-image-21\" srcset=\"https:\/\/barnafurboparish.ie\/wp-content\/uploads\/2025\/12\/Altar-1024x684.jpg 1024w, https:\/\/barnafurboparish.ie\/wp-content\/uploads\/2025\/12\/Altar-300x201.jpg 300w, https:\/\/barnafurboparish.ie\/wp-content\/uploads\/2025\/12\/Altar-768x513.jpg 768w, https:\/\/barnafurboparish.ie\/wp-content\/uploads\/2025\/12\/Altar-1536x1027.jpg 1536w, https:\/\/barnafurboparish.ie\/wp-content\/uploads\/2025\/12\/Altar-2048x1369.jpg 2048w\" sizes=\"auto, (max-width: 1024px) 100vw, 1024px\" \/><\/figure>\n\n\n\n<div class=\"wp-block-group has-global-padding is-layout-constrained wp-block-group-is-layout-constrained\">\n<p>Church of Mary Immaculate Queen, <strong>Barna<\/strong> H91 A2T7 (Teampall Mhuire Banr\u00edon gan Sm\u00e1l)<\/p>\n\n\n\n<div class=\"wp-block-group is-nowrap is-layout-flex wp-container-core-group-is-layout-6c531013 wp-block-group-is-layout-flex\">\n<p>Masses Barna church<\/p>\n\n\n\n<p class=\"has-accent-3-color has-text-color has-link-color wp-elements-3274fbf7c36f56e7563453af671f0756\"><br><\/p>\n\n\n\n<ul class=\"wp-block-list\">\n<li>Mon,Wed,Thurs,Fri: 10am;<\/li>\n\n\n\n<li>Saturday: 6:30pm, Sunday:12pm<\/li>\n<\/ul>\n<\/div>\n\n\n\n<div class=\"wp-block-group is-nowrap is-layout-flex wp-container-core-group-is-layout-6c531013 wp-block-group-is-layout-flex\">\n<p>Barna live broadcast:&nbsp;<a href=\"https:\/\/www.churchtv.ie\/barna\/\">https:\/\/www.churchtv.ie\/barna\/<\/a> \u2013 and on local radio 106.6fm<\/p>\n<\/div>\n<\/div>\n\n\n\n<figure class=\"wp-block-image size-full has-custom-border is-style-rounded is-style-rounded--2\" style=\"margin-top:var(--wp--preset--spacing--10);margin-right:var(--wp--preset--spacing--10);margin-bottom:var(--wp--preset--spacing--10);margin-left:var(--wp--preset--spacing--10)\"><a href=\"https:\/\/www.churchtv.ie\/barna\/\"><img loading=\"lazy\" decoding=\"async\" width=\"826\" height=\"547\" src=\"https:\/\/barnafurboparish.ie\/wp-content\/uploads\/2025\/12\/LiveFeedBarna_jpg.jpeg\" alt=\"\" class=\"wp-image-82\" style=\"border-style:none;border-width:0px;border-top-left-radius:5px;border-top-right-radius:5px;border-bottom-left-radius:5px;border-bottom-right-radius:5px\" srcset=\"https:\/\/barnafurboparish.ie\/wp-content\/uploads\/2025\/12\/LiveFeedBarna_jpg.jpeg 826w, https:\/\/barnafurboparish.ie\/wp-content\/uploads\/2025\/12\/LiveFeedBarna_jpg-300x199.jpeg 300w, https:\/\/barnafurboparish.ie\/wp-content\/uploads\/2025\/12\/LiveFeedBarna_jpg-768x509.jpeg 768w\" sizes=\"auto, (max-width: 826px) 100vw, 826px\" \/><\/a><\/figure>\n\n\n\n<hr class=\"wp-block-separator has-alpha-channel-opacity\"\/>\n\n\n\n<div class=\"wp-block-group has-base-2-background-color has-background has-global-padding is-layout-constrained wp-block-group-is-layout-constrained\"><\/div>\n\n\n\n<hr class=\"wp-block-separator has-alpha-channel-opacity\"\/>\n\n\n\n<div class=\"wp-block-group has-global-padding is-layout-constrained wp-block-group-is-layout-constrained\">\n<p>S\u00e9ip\u00e9al R\u00e9alt na Mara, <strong>na bhForbacha<\/strong>, H91 NY09 (Star of the Sea Church, Furbo)<\/p>\n\n\n\n<div class=\"wp-block-group is-nowrap is-layout-flex wp-container-core-group-is-layout-6c531013 wp-block-group-is-layout-flex\">\n<p>Masses S\u00e9ip\u00e9al R\u00e9alt na Mara<\/p>\n\n\n\n<ul class=\"wp-block-list\">\n<li><strong>Tuesday: 10am<\/strong><\/li>\n\n\n\n<li><strong>Sundays: 10am<\/strong><\/li>\n<\/ul>\n<\/div>\n\n\n\n<div class=\"wp-block-group is-nowrap is-layout-flex wp-container-core-group-is-layout-6c531013 wp-block-group-is-layout-flex\">\n<p>Furbo Live Broadcast: <a href=\"https:\/\/www.churchtv.ie\/furbo\/\">https:\/\/www.churchtv.ie\/furbo\/<\/a> <\/p>\n<\/div>\n<\/div>\n\n\n\n<figure class=\"wp-block-image size-large is-resized has-custom-border\" style=\"margin-top:var(--wp--preset--spacing--10);margin-right:var(--wp--preset--spacing--10);margin-bottom:var(--wp--preset--spacing--10);margin-left:var(--wp--preset--spacing--10)\"><a href=\"https:\/\/www.churchtv.ie\/furbo\/\"><img loading=\"lazy\" decoding=\"async\" width=\"1024\" height=\"679\" src=\"https:\/\/barnafurboparish.ie\/wp-content\/uploads\/2025\/12\/LiveFeedFurbo-1024x679.png\" alt=\"\" class=\"wp-image-41\" style=\"border-top-left-radius:5px;border-top-right-radius:5px;border-bottom-left-radius:5px;border-bottom-right-radius:5px;object-fit:cover;width:826px;height:547px\" srcset=\"https:\/\/barnafurboparish.ie\/wp-content\/uploads\/2025\/12\/LiveFeedFurbo-1024x679.png 1024w, https:\/\/barnafurboparish.ie\/wp-content\/uploads\/2025\/12\/LiveFeedFurbo-300x199.png 300w, https:\/\/barnafurboparish.ie\/wp-content\/uploads\/2025\/12\/LiveFeedFurbo-768x509.png 768w, https:\/\/barnafurboparish.ie\/wp-content\/uploads\/2025\/12\/LiveFeedFurbo-1536x1018.png 1536w, https:\/\/barnafurboparish.ie\/wp-content\/uploads\/2025\/12\/LiveFeedFurbo.png 1714w\" sizes=\"auto, (max-width: 1024px) 100vw, 1024px\" \/><\/a><\/figure>\n\n\n\n<hr class=\"wp-block-separator has-alpha-channel-opacity\"\/>\n\n\n\n<p id=\"block-8da6c2cc-3581-4c8f-b078-9f0bed6efb22\"><strong>L\u00e9achta\u00ed as Gaeilge: an&nbsp;<a href=\"https:\/\/www.catholicireland.net\/readings\/?feature=today&amp;lang=irish\" target=\"_blank\" rel=\"noreferrer noopener\">l\u00e1 inniu<\/a>;&nbsp;<a href=\"https:\/\/www.catholicireland.net\/readings\/?feature=sunday&amp;lang=irish\" target=\"_blank\" rel=\"noreferrer noopener\">an Domhnach<\/a><\/strong><\/p>\n\n\n\n<p id=\"block-8da6c2cc-3581-4c8f-b078-9f0bed6efb22\"><strong>Readings: click here for&nbsp;<a href=\"https:\/\/www.catholicireland.net\/readings\/?feature=today\" target=\"_blank\" rel=\"noreferrer noopener\">today<\/a>; click here for next&nbsp;<a href=\"https:\/\/www.catholicireland.net\/readings\/?feature=sunday\" target=\"_blank\" rel=\"noreferrer noopener\">Sunday<\/a><\/strong><\/p>\n\n\n\n<hr class=\"wp-block-separator has-alpha-channel-opacity\"\/>\n\n\n\n<p><\/p>\n\n\n\n<p><\/p>\n","protected":false},"excerpt":{"rendered":"<p>Church of Mary Immaculate Queen, Barna H91 A2T7 (Teampall Mhuire Banr\u00edon gan Sm\u00e1l) Masses Barna church Barna live broadcast:&nbsp;https:\/\/www.churchtv.ie\/barna\/ \u2013 and on local radio 106.6fm S\u00e9ip\u00e9al R\u00e9alt na Mara, na bhForbacha, H91 NY09 (Star of the Sea Church, Furbo) Masses S\u00e9ip\u00e9al R\u00e9alt na Mara Furbo Live Broadcast: https:\/\/www.churchtv.ie\/furbo\/ L\u00e9achta\u00ed as Gaeilge: an&nbsp;l\u00e1 inniu;&nbsp;an Domhnach Readings: [&hellip;]<\/p>\n","protected":false},"author":1,"featured_media":0,"parent":0,"menu_order":0,"comment_status":"closed","ping_status":"open","template":"","meta":{"footnotes":""},"class_list":["post-2","page","type-page","status-publish","hentry"],"_links":{"self":[{"href":"https:\/\/barnafurboparish.ie\/index.php\/wp-json\/wp\/v2\/pages\/2","targetHints":{"allow":["GET"]}}],"collection":[{"href":"https:\/\/barnafurboparish.ie\/index.php\/wp-json\/wp\/v2\/pages"}],"about":[{"href":"https:\/\/barnafurboparish.ie\/index.php\/wp-json\/wp\/v2\/types\/page"}],"author":[{"embeddable":true,"href":"https:\/\/barnafurboparish.ie\/index.php\/wp-json\/wp\/v2\/users\/1"}],"replies":[{"embeddable":true,"href":"https:\/\/barnafurboparish.ie\/index.php\/wp-json\/wp\/v2\/comments?post=2"}],"version-history":[{"count":9,"href":"https:\/\/barnafurboparish.ie\/index.php\/wp-json\/wp\/v2\/pages\/2\/revisions"}],"predecessor-version":[{"id":134,"href":"https:\/\/barnafurboparish.ie\/index.php\/wp-json\/wp\/v2\/pages\/2\/revisions\/134"}],"wp:attachment":[{"href":"https:\/\/barnafurboparish.ie\/index.php\/wp-json\/wp\/v2\/media?parent=2"}],"curies":[{"name":"wp","href":"https:\/\/api.w.org\/{rel}","templated":true}]}}